{"id":2372,"date":"2022-06-21T20:26:56","date_gmt":"2022-06-21T23:26:56","guid":{"rendered":"https:\/\/ciwamar.com.br\/loja\/?post_type=product&#038;p=2372"},"modified":"2025-02-25T22:58:04","modified_gmt":"2025-02-26T01:58:04","slug":"kit-automatizador-para-portao-pivotante-duplo-conj-movimentador-trino-pivo-4-220v-1m-duplo","status":"publish","type":"product","link":"https:\/\/ciwamar.com.br\/loja\/produto\/kit-automatizador-para-portao-pivotante-duplo-conj-movimentador-trino-pivo-4-220v-1m-duplo\/","title":{"rendered":"Kit Automatizador para Port\u00e3o Pivotante Duplo (CONJ. MOVIMENTADOR TRINO  PIVO 4 220V  &#8211; 1M DUPLO)"},"content":{"rendered":"<p>Kit Automatizador para Port\u00e3o Pivotante Duplo (Conj. Movimentador Trino Pivo 4 220v 1M Duplo)<\/p>\n<p>Para port\u00e3o pivotante de duas folha<\/p>\n<p>Marca AGL<\/p>\n<p><strong>Caracter\u00edsticas T\u00e9cnicas<\/strong><\/p>\n<h4 class=\"font_4\"><span class=\"color_18\">Trino Pivo4<\/span><\/h4>\n<p class=\"font_8\"><span class=\"color_18\">\u2022 Ciclo\/Hora: 20;<\/span><\/p>\n<p class=\"font_8\"><span class=\"color_18\">\u2022 Peso do port\u00e3o: at\u00e9 300(kg);<\/span><\/p>\n<p class=\"font_8\"><span class=\"color_18\">\u2022 Pot\u00eancia do motor (cv): 1\/4 de acordo com modelo;<\/span><\/p>\n<p class=\"font_8\"><span class=\"color_18\">\u2022 Tens\u00e3o:220Volts;<\/span><\/p>\n<p class=\"font_8\"><span class=\"color_18\">\u2022 Comp. Acionador 1,00M;<\/span><\/p>\n<p><strong>Itens inclusos<\/strong><br \/>\n&gt; 02 Automatizador para Port\u00e3o Pivotante\u00a0 Trino Pivo4 1,00M 220v);<br \/>\n&gt; 01 Central de Comando com receptor 433,92 Mhz;<br \/>\n&gt; 02 Controle Remoto 433,92 Mhz;<br \/>\n&gt; 01 chave de Destravamento;<br \/>\n&gt; 01 Kit fim de curso;<br \/>\n&gt; 01 Manual de instala\u00e7\u00e3o.<\/p>\n<p style=\"text-align: justify;\">Produto certificado pelo\u00a0<em>INMETRO\u00a0<\/em><\/p>\n","protected":false},"excerpt":{"rendered":"<p>Kit Automatizador para Port\u00e3o Pivotante Duplo (Conj. Movimentador Trino Pivo 4 220v 1M Duplo) Para port\u00e3o pivotante de duas folha Marca AGL Caracter\u00edsticas T\u00e9cnicas Trino Pivo4 \u2022 Ciclo\/Hora: 20; \u2022 Peso do port\u00e3o: at\u00e9 300(kg); \u2022 Pot\u00eancia do motor (cv): 1\/4 de acordo com modelo; \u2022 Tens\u00e3o:220Volts; \u2022 Comp. Acionador 1,00M; Itens inclusos &gt; 02 [&hellip;]<\/p>\n","protected":false},"featured_media":2370,"comment_status":"open","ping_status":"closed","template":"","meta":[],"product_brand":[],"product_cat":[70,54],"product_tag":[],"class_list":{"0":"post-2372","1":"product","2":"type-product","3":"status-publish","4":"has-post-thumbnail","6":"product_cat-automatizador-pivotante","7":"product_cat-promocao","9":"first","10":"instock","11":"sale","12":"featured","13":"shipping-taxable","14":"purchasable","15":"product-type-simple"},"_links":{"self":[{"href":"https:\/\/ciwamar.com.br\/loja\/wp-json\/wp\/v2\/product\/2372","targetHints":{"allow":["GET"]}}],"collection":[{"href":"https:\/\/ciwamar.com.br\/loja\/wp-json\/wp\/v2\/product"}],"about":[{"href":"https:\/\/ciwamar.com.br\/loja\/wp-json\/wp\/v2\/types\/product"}],"replies":[{"embeddable":true,"href":"https:\/\/ciwamar.com.br\/loja\/wp-json\/wp\/v2\/comments?post=2372"}],"wp:featuredmedia":[{"embeddable":true,"href":"https:\/\/ciwamar.com.br\/loja\/wp-json\/wp\/v2\/media\/2370"}],"wp:attachment":[{"href":"https:\/\/ciwamar.com.br\/loja\/wp-json\/wp\/v2\/media?parent=2372"}],"wp:term":[{"taxonomy":"product_brand","embeddable":true,"href":"https:\/\/ciwamar.com.br\/loja\/wp-json\/wp\/v2\/product_brand?post=2372"},{"taxonomy":"product_cat","embeddable":true,"href":"https:\/\/ciwamar.com.br\/loja\/wp-json\/wp\/v2\/product_cat?post=2372"},{"taxonomy":"product_tag","embeddable":true,"href":"https:\/\/ciwamar.com.br\/loja\/wp-json\/wp\/v2\/product_tag?post=2372"}],"curies":[{"name":"wp","href":"https:\/\/api.w.org\/{rel}","templated":true}]}}