{"id":2102,"date":"2020-07-07T23:57:02","date_gmt":"2020-07-08T02:57:02","guid":{"rendered":"https:\/\/ciwamar.com.br\/loja\/?post_type=product&#038;p=2102"},"modified":"2026-03-06T21:32:25","modified_gmt":"2026-03-07T00:32:25","slug":"porteiro-eletronico-agl-sem-fio-s100-wl-preto","status":"publish","type":"product","link":"https:\/\/ciwamar.com.br\/loja\/produto\/porteiro-eletronico-agl-sem-fio-s100-wl-preto\/","title":{"rendered":"Porteiro Eletr\u00f4nico AGL Sem Fio S100-WL Preto"},"content":{"rendered":"<p class=\"font_8\"><span class=\"color_18\">Com o interfone sem fio AGL a instala\u00e7\u00e3o fica ainda mais simples, n\u00e3o h\u00e1 necessidade de passar fios de comunica\u00e7\u00e3o entre o porteiro eletr\u00f4nico e o interfone sem fio.<\/span><\/p>\n<p class=\"font_8\"><span class=\"color_18\"><span class=\"wixGuard\">\u200b<strong>Caracter\u00edsticas T\u00e9cnicas:<\/strong><\/span><\/span><\/p>\n<blockquote><p>Comunica\u00e7\u00e3o entre porteiro eletr\u00f4nico\u00a0<span class=\"color_18\">e interfone sem fio;<br \/>\n&gt; Abertura de 2 fechaduras;<br \/>\n&gt; F\u00e1cil instala\u00e7\u00e3o;<br \/>\n&gt; M\u00f3dulo interno funciona como interfone e telefone;<br \/>\n&gt; Bivolt 90-240 volts;<br \/>\n&gt; Poss\u00edvel instalar at\u00e9 2 porteiros + 2 interfones<br \/>\ncada porteiro abrindo 2 fechaduras;<br \/>\n&gt; \u00c1udio com melhor qualidade.<\/span><\/p><\/blockquote>\n<p><span class=\"color_18\"><br \/>\n<strong>Itens inclusos<\/strong><\/span><\/p>\n<p><span class=\"color_18\"><br \/>\n&gt; 01 Interfone Individual AGL Sem Fio S100-WL;<br \/>\n&gt; 01 Porteiro Eletronico Individual AGL Sem Fio S100-WL;<\/span><\/p>\n<p>Produto certificado pelo\u00a0<em>INMETRO\u00a0<\/em><\/p>\n<div><\/div>\n","protected":false},"excerpt":{"rendered":"<p>Com o interfone sem fio AGL a instala\u00e7\u00e3o fica ainda mais simples, n\u00e3o h\u00e1 necessidade de passar fios de comunica\u00e7\u00e3o entre o porteiro eletr\u00f4nico e o interfone sem fio. \u200bCaracter\u00edsticas T\u00e9cnicas: Comunica\u00e7\u00e3o entre porteiro eletr\u00f4nico\u00a0e interfone sem fio; &gt; Abertura de 2 fechaduras; &gt; F\u00e1cil instala\u00e7\u00e3o; &gt; M\u00f3dulo interno funciona como interfone e telefone; &gt; [&hellip;]<\/p>\n","protected":false},"featured_media":2103,"comment_status":"open","ping_status":"closed","template":"","meta":[],"product_brand":[],"product_cat":[52],"product_tag":[],"class_list":{"0":"post-2102","1":"product","2":"type-product","3":"status-publish","4":"has-post-thumbnail","6":"product_cat-comunicacao","8":"first","9":"outofstock","10":"shipping-taxable","11":"product-type-simple"},"_links":{"self":[{"href":"https:\/\/ciwamar.com.br\/loja\/wp-json\/wp\/v2\/product\/2102","targetHints":{"allow":["GET"]}}],"collection":[{"href":"https:\/\/ciwamar.com.br\/loja\/wp-json\/wp\/v2\/product"}],"about":[{"href":"https:\/\/ciwamar.com.br\/loja\/wp-json\/wp\/v2\/types\/product"}],"replies":[{"embeddable":true,"href":"https:\/\/ciwamar.com.br\/loja\/wp-json\/wp\/v2\/comments?post=2102"}],"wp:featuredmedia":[{"embeddable":true,"href":"https:\/\/ciwamar.com.br\/loja\/wp-json\/wp\/v2\/media\/2103"}],"wp:attachment":[{"href":"https:\/\/ciwamar.com.br\/loja\/wp-json\/wp\/v2\/media?parent=2102"}],"wp:term":[{"taxonomy":"product_brand","embeddable":true,"href":"https:\/\/ciwamar.com.br\/loja\/wp-json\/wp\/v2\/product_brand?post=2102"},{"taxonomy":"product_cat","embeddable":true,"href":"https:\/\/ciwamar.com.br\/loja\/wp-json\/wp\/v2\/product_cat?post=2102"},{"taxonomy":"product_tag","embeddable":true,"href":"https:\/\/ciwamar.com.br\/loja\/wp-json\/wp\/v2\/product_tag?post=2102"}],"curies":[{"name":"wp","href":"https:\/\/api.w.org\/{rel}","templated":true}]}}