{"id":2008,"date":"2020-03-10T04:07:11","date_gmt":"2020-03-10T07:07:11","guid":{"rendered":"https:\/\/ciwamar.com.br\/loja\/?post_type=product&#038;p=2008"},"modified":"2025-02-25T22:36:20","modified_gmt":"2025-02-26T01:36:20","slug":"kit-automatizador-para-portao-basculante-conj-movimentador-trino-bv4-speed-15m-220v","status":"publish","type":"product","link":"https:\/\/ciwamar.com.br\/loja\/produto\/kit-automatizador-para-portao-basculante-conj-movimentador-trino-bv4-speed-15m-220v\/","title":{"rendered":"Kit Automatizador RAPIDO para Port\u00e3o Basculante (Conj. Movimentador Trino BV4 Speed 1,5M  220v)"},"content":{"rendered":"<p>Kit Automatizador\u00a0RAPIDO para Port\u00e3o Basculante RAPIDO (Conj. Movimentador Trino BV4 Speed 1,5M 220v)<\/p>\n<p>Marca AGL<\/p>\n<p><strong>Caracter\u00edsticas T\u00e9cnicas<\/strong><br \/>\n&gt; Trilho em alum\u00ednio, resistente \u00e0 intemp\u00e9ries<br \/>\n&gt; Voltagem: 220v<br \/>\n&gt; Tempo de Abertura: Em torno de 5 Segundos<br \/>\n&gt; Port\u00f5es\u00a0 (balanceado);<br \/>\n&gt; Potencia do motor 1\/4CV<br \/>\n&gt; Ciclo\/hora: 20;<br \/>\n&gt; Central de comandos embarcada e dedicada;<\/p>\n<p><strong>Itens inclusos<\/strong><br \/>\n&gt; 01 Automatizador para Port\u00e3o Basculante \u00a0Trino BV4 Speed 1,5M 220v);<br \/>\n&gt; 01 Central de Comando com receptor 433,92 Mhz;<br \/>\n&gt; 02 Controle Remoto 433,92 Mhz;<br \/>\n&gt; 01 Bra\u00e7a de Destravamento com Trava Articulada;<br \/>\n&gt; 01 Kit fim de curso;<br \/>\n&gt; 01 Manual de instala\u00e7\u00e3o.<\/p>\n<p style=\"text-align: justify;\">Produto certificado pelo\u00a0<em>INMETRO\u00a0<\/em><\/p>\n","protected":false},"excerpt":{"rendered":"<p>Kit Automatizador\u00a0RAPIDO para Port\u00e3o Basculante RAPIDO (Conj. Movimentador Trino BV4 Speed 1,5M 220v) Marca AGL Caracter\u00edsticas T\u00e9cnicas &gt; Trilho em alum\u00ednio, resistente \u00e0 intemp\u00e9ries &gt; Voltagem: 220v &gt; Tempo de Abertura: Em torno de 5 Segundos &gt; Port\u00f5es\u00a0 (balanceado); &gt; Potencia do motor 1\/4CV &gt; Ciclo\/hora: 20; &gt; Central de comandos embarcada e dedicada; Itens [&hellip;]<\/p>\n","protected":false},"featured_media":2009,"comment_status":"open","ping_status":"closed","template":"","meta":[],"product_brand":[],"product_cat":[21,54],"product_tag":[],"class_list":{"0":"post-2008","1":"product","2":"type-product","3":"status-publish","4":"has-post-thumbnail","6":"product_cat-automatizador-basculante","7":"product_cat-promocao","9":"first","10":"instock","11":"sale","12":"featured","13":"shipping-taxable","14":"purchasable","15":"product-type-simple"},"_links":{"self":[{"href":"https:\/\/ciwamar.com.br\/loja\/wp-json\/wp\/v2\/product\/2008","targetHints":{"allow":["GET"]}}],"collection":[{"href":"https:\/\/ciwamar.com.br\/loja\/wp-json\/wp\/v2\/product"}],"about":[{"href":"https:\/\/ciwamar.com.br\/loja\/wp-json\/wp\/v2\/types\/product"}],"replies":[{"embeddable":true,"href":"https:\/\/ciwamar.com.br\/loja\/wp-json\/wp\/v2\/comments?post=2008"}],"wp:featuredmedia":[{"embeddable":true,"href":"https:\/\/ciwamar.com.br\/loja\/wp-json\/wp\/v2\/media\/2009"}],"wp:attachment":[{"href":"https:\/\/ciwamar.com.br\/loja\/wp-json\/wp\/v2\/media?parent=2008"}],"wp:term":[{"taxonomy":"product_brand","embeddable":true,"href":"https:\/\/ciwamar.com.br\/loja\/wp-json\/wp\/v2\/product_brand?post=2008"},{"taxonomy":"product_cat","embeddable":true,"href":"https:\/\/ciwamar.com.br\/loja\/wp-json\/wp\/v2\/product_cat?post=2008"},{"taxonomy":"product_tag","embeddable":true,"href":"https:\/\/ciwamar.com.br\/loja\/wp-json\/wp\/v2\/product_tag?post=2008"}],"curies":[{"name":"wp","href":"https:\/\/api.w.org\/{rel}","templated":true}]}}