{"id":1891,"date":"2019-07-25T02:53:37","date_gmt":"2019-07-25T05:53:37","guid":{"rendered":"https:\/\/ciwamar.com.br\/loja\/?post_type=product&#038;p=1891"},"modified":"2022-10-16T03:05:57","modified_gmt":"2022-10-16T06:05:57","slug":"extensao-porteiro-eletronico-gp1-e-gp3","status":"publish","type":"product","link":"https:\/\/ciwamar.com.br\/loja\/produto\/extensao-porteiro-eletronico-gp1-e-gp3\/","title":{"rendered":"Extens\u00e3o Porteiro Eletr\u00f4nico GP1 e GP3"},"content":{"rendered":"<p><strong>Caracter\u00edsticas T\u00e9cnicas<\/strong><br \/>\n&gt; Extens\u00e3o para Porteiro Eletr\u00f4nico GP1 e GP3<br \/>\n&gt; Em material pl\u00e1stico ABS ;<br \/>\n&gt; Fonte de Alimenta\u00e7\u00e3o na Unidade Externa;<br \/>\n&gt;\u00a0\u00a0Toque Eletr\u00f4nico Bitonal;<br \/>\n&gt; F\u00e1cil Instala\u00e7\u00e3o;<br \/>\n&gt; Aciona fechadura el\u00e9trica;<br \/>\n&gt; Liga\u00e7\u00e3o por apenas 2 fios;<\/p>\n<p><strong>Itens inclusos<\/strong><br \/>\n&gt; 01 Extens\u00e3o para Porteiro Eletr\u00f4nico GP1 e GP3.<\/p>\n<p><em>Todos os produtos desenvolvidos pela RCG s\u00e3o submetidos a rigorosos testes de performance e qualidade, possui selo do INMETRO para os reatores, estabilizadores, automatizadores e eletrificadores de cerca, a empresa tamb\u00e9m est\u00e1 certificada pelo Sistema de Gest\u00e3o da Qualidade ISO 9001:2008*<\/em><\/p>\n","protected":false},"excerpt":{"rendered":"<p>Caracter\u00edsticas T\u00e9cnicas &gt; Extens\u00e3o para Porteiro Eletr\u00f4nico GP1 e GP3 &gt; Em material pl\u00e1stico ABS ; &gt; Fonte de Alimenta\u00e7\u00e3o na Unidade Externa; &gt;\u00a0\u00a0Toque Eletr\u00f4nico Bitonal; &gt; F\u00e1cil Instala\u00e7\u00e3o; &gt; Aciona fechadura el\u00e9trica; &gt; Liga\u00e7\u00e3o por apenas 2 fios; Itens inclusos &gt; 01 Extens\u00e3o para Porteiro Eletr\u00f4nico GP1 e GP3. Todos os produtos desenvolvidos pela [&hellip;]<\/p>\n","protected":false},"featured_media":1892,"comment_status":"open","ping_status":"closed","template":"","meta":[],"product_brand":[],"product_cat":[52],"product_tag":[],"class_list":{"0":"post-1891","1":"product","2":"type-product","3":"status-publish","4":"has-post-thumbnail","6":"product_cat-comunicacao","8":"first","9":"outofstock","10":"shipping-taxable","11":"product-type-simple"},"_links":{"self":[{"href":"https:\/\/ciwamar.com.br\/loja\/wp-json\/wp\/v2\/product\/1891","targetHints":{"allow":["GET"]}}],"collection":[{"href":"https:\/\/ciwamar.com.br\/loja\/wp-json\/wp\/v2\/product"}],"about":[{"href":"https:\/\/ciwamar.com.br\/loja\/wp-json\/wp\/v2\/types\/product"}],"replies":[{"embeddable":true,"href":"https:\/\/ciwamar.com.br\/loja\/wp-json\/wp\/v2\/comments?post=1891"}],"wp:featuredmedia":[{"embeddable":true,"href":"https:\/\/ciwamar.com.br\/loja\/wp-json\/wp\/v2\/media\/1892"}],"wp:attachment":[{"href":"https:\/\/ciwamar.com.br\/loja\/wp-json\/wp\/v2\/media?parent=1891"}],"wp:term":[{"taxonomy":"product_brand","embeddable":true,"href":"https:\/\/ciwamar.com.br\/loja\/wp-json\/wp\/v2\/product_brand?post=1891"},{"taxonomy":"product_cat","embeddable":true,"href":"https:\/\/ciwamar.com.br\/loja\/wp-json\/wp\/v2\/product_cat?post=1891"},{"taxonomy":"product_tag","embeddable":true,"href":"https:\/\/ciwamar.com.br\/loja\/wp-json\/wp\/v2\/product_tag?post=1891"}],"curies":[{"name":"wp","href":"https:\/\/api.w.org\/{rel}","templated":true}]}}