{"id":1627,"date":"2018-10-24T10:26:05","date_gmt":"2018-10-24T13:26:05","guid":{"rendered":"https:\/\/ciwamar.com.br\/loja\/?post_type=product&#038;p=1627"},"modified":"2026-05-13T08:00:15","modified_gmt":"2026-05-13T11:00:15","slug":"trava-eletromagnetica-gate-lock-220v","status":"publish","type":"product","link":"https:\/\/ciwamar.com.br\/loja\/produto\/trava-eletromagnetica-gate-lock-220v\/","title":{"rendered":"Trava Eletromagn\u00e9tica Gate Lock (220v)"},"content":{"rendered":"<p><strong>Caracter\u00edsticas T\u00e9cnicas<\/strong><br \/>\n&gt; Trava Eletromagn\u00e9tica para Port\u00f5es Basculante, Deslizante e Pivotante.<br \/>\n&gt; Modelos em 127V e 220V.<br \/>\n&gt; Com chave para destravamento em caso de falta de energia el\u00e9trica.<br \/>\n&gt; F\u00e1cil instala\u00e7\u00e3o com apenas dois cabos para conex\u00e3o.<br \/>\n&gt; Produzido com chapa de a\u00e7o carbono fosfatizada.<br \/>\n&gt; Pintura eletrost\u00e1tica a p\u00f3 &#8211; Hibrida Poli\u00e9ster \/ Epoxi.<\/p>\n<p><strong>Itens inclusos<\/strong><br \/>\n&gt; 01 Trava Eletromagn\u00e9tica Gate Lock;<\/p>\n<div><em>Todos os produtos desenvolvidos pela RCG s\u00e3o submetidos a rigorosos testes de performance e qualidade, possui selo do INMETRO para os reatores, estabilizadores, automatizadores e eletrificadores de cerca, a empresa tamb\u00e9m est\u00e1 certificada pelo Sistema de Gest\u00e3o da Qualidade ISO 9001:2008*<\/em><\/div>\n","protected":false},"excerpt":{"rendered":"<p>Caracter\u00edsticas T\u00e9cnicas &gt; Trava Eletromagn\u00e9tica para Port\u00f5es Basculante, Deslizante e Pivotante. &gt; Modelos em 127V e 220V. &gt; Com chave para destravamento em caso de falta de energia el\u00e9trica. &gt; F\u00e1cil instala\u00e7\u00e3o com apenas dois cabos para conex\u00e3o. &gt; Produzido com chapa de a\u00e7o carbono fosfatizada. &gt; Pintura eletrost\u00e1tica a p\u00f3 &#8211; Hibrida Poli\u00e9ster \/ [&hellip;]<\/p>\n","protected":false},"featured_media":1628,"comment_status":"open","ping_status":"closed","template":"","meta":[],"product_brand":[],"product_cat":[41],"product_tag":[51,50],"class_list":{"0":"post-1627","1":"product","2":"type-product","3":"status-publish","4":"has-post-thumbnail","6":"product_cat-acessorios","7":"product_tag-automatizador","8":"product_tag-trava","10":"first","11":"instock","12":"shipping-taxable","13":"purchasable","14":"product-type-simple"},"_links":{"self":[{"href":"https:\/\/ciwamar.com.br\/loja\/wp-json\/wp\/v2\/product\/1627","targetHints":{"allow":["GET"]}}],"collection":[{"href":"https:\/\/ciwamar.com.br\/loja\/wp-json\/wp\/v2\/product"}],"about":[{"href":"https:\/\/ciwamar.com.br\/loja\/wp-json\/wp\/v2\/types\/product"}],"replies":[{"embeddable":true,"href":"https:\/\/ciwamar.com.br\/loja\/wp-json\/wp\/v2\/comments?post=1627"}],"wp:featuredmedia":[{"embeddable":true,"href":"https:\/\/ciwamar.com.br\/loja\/wp-json\/wp\/v2\/media\/1628"}],"wp:attachment":[{"href":"https:\/\/ciwamar.com.br\/loja\/wp-json\/wp\/v2\/media?parent=1627"}],"wp:term":[{"taxonomy":"product_brand","embeddable":true,"href":"https:\/\/ciwamar.com.br\/loja\/wp-json\/wp\/v2\/product_brand?post=1627"},{"taxonomy":"product_cat","embeddable":true,"href":"https:\/\/ciwamar.com.br\/loja\/wp-json\/wp\/v2\/product_cat?post=1627"},{"taxonomy":"product_tag","embeddable":true,"href":"https:\/\/ciwamar.com.br\/loja\/wp-json\/wp\/v2\/product_tag?post=1627"}],"curies":[{"name":"wp","href":"https:\/\/api.w.org\/{rel}","templated":true}]}}